{"id":728,"date":"2021-06-17T15:36:16","date_gmt":"2021-06-17T13:36:16","guid":{"rendered":"https:\/\/jjm.gcjm.de\/?page_id=728"},"modified":"2025-06-27T10:45:16","modified_gmt":"2025-06-27T08:45:16","slug":"georg-hauke","status":"publish","type":"page","link":"https:\/\/jjm.gcjm.de\/?page_id=728","title":{"rendered":"Georg Hauke"},"content":{"rendered":"<p>Georg war der &#8222;Techniker&#8220; unter den musikalischen Geschwistern. Er machte u.a. mit der damaligen DDR-Technik alle Tonaufnahmen, fotografierte, hatte ein kleines Fotolabor, nahm seine Vortr\u00e4ge f\u00fcr seine Gemeinde auf und vertonte sie. <\/p>\n<blockquote class=\"wp-block-quote is-layout-flow wp-block-quote-is-layout-flow\">\n<\/blockquote>\n<figure class=\"wp-block-image size-large\"><a href=\"https:\/\/jjm.gcjm.de\/wp-content\/uploads\/2021\/06\/WegZurPrimizVonGeorgHauke.jpg\"><img loading=\"lazy\" decoding=\"async\" width=\"1024\" height=\"732\" src=\"https:\/\/jjm.gcjm.de\/wp-content\/uploads\/2021\/06\/WegZurPrimizVonGeorgHauke-1024x732.jpg\" alt=\"\" class=\"wp-image-683\" srcset=\"https:\/\/jjm.gcjm.de\/wp-content\/uploads\/2021\/06\/WegZurPrimizVonGeorgHauke-1024x732.jpg 1024w, https:\/\/jjm.gcjm.de\/wp-content\/uploads\/2021\/06\/WegZurPrimizVonGeorgHauke-300x214.jpg 300w, https:\/\/jjm.gcjm.de\/wp-content\/uploads\/2021\/06\/WegZurPrimizVonGeorgHauke-768x549.jpg 768w, https:\/\/jjm.gcjm.de\/wp-content\/uploads\/2021\/06\/WegZurPrimizVonGeorgHauke.jpg 1439w\" sizes=\"auto, (max-width: 1024px) 100vw, 1024px\" \/><\/a><figcaption class=\"wp-element-caption\">Georg (Mitte) in Breslau auf dem Weg zur Primiz &#8211; Feier. Dahinter die Eltern Helene und Johannes<\/figcaption><\/figure>\n<p><a href=\"https:\/\/jjm.gcjm.de\/wp-content\/uploads\/2025\/06\/2008_0600_GeorgHauke_RueckertMueller.pdf\" target=\"_blank\" rel=\"noreferrer noopener\">Bunzlauer Zeitung<\/a> (Ruolf R\u00fcckert, Georg M\u00fcller)<\/p>\n<p>Fragmente von Dia &#8211; Vortr\u00e4gen, die sich in seinem Nachlass befanden. Nach Dias wird noch gesucht&#8230;<\/p>\n<figure class=\"wp-block-audio\"><audio controls src=\"https:\/\/jjm.gcjm.de\/wp-content\/uploads\/2021\/06\/KunersdorfKrsOels.mp3\"><\/audio><figcaption class=\"wp-element-caption\">Kunersdorf \/ Kreis Oels in Schlesien, der Geburtsort der Gro\u00dfmutter Helene<\/figcaption><\/figure>\n<figure class=\"wp-block-audio\"><audio controls src=\"https:\/\/jjm.gcjm.de\/wp-content\/uploads\/2021\/06\/StHedwigVortragGeorgHauke.mp3\"><\/audio><figcaption class=\"wp-element-caption\">Gemeinde &#8211; Vortrag \u00fcber St. Hedwig, Patronin Schlesiens und Polens&#8230; Dias folgen sp\u00e4ter<\/figcaption><\/figure><\/p>\n","protected":false},"excerpt":{"rendered":"<p>Georg war der &#8222;Techniker&#8220; unter den musikalischen Geschwistern. Er machte u.a. mit der damaligen DDR-Technik alle Tonaufnahmen, fotografierte, hatte ein kleines Fotolabor, nahm seine Vortr\u00e4ge f\u00fcr seine Gemeinde auf und vertonte sie. Bunzlauer Zeitung (Ruolf R\u00fcckert, Georg M\u00fcller) Fragmente von Dia &#8211; Vortr\u00e4gen, die sich in seinem Nachlass befanden. Nach Dias wird noch gesucht&#8230;<\/p>\n","protected":false},"author":1,"featured_media":0,"parent":0,"menu_order":0,"comment_status":"closed","ping_status":"closed","template":"","meta":{"footnotes":""},"class_list":["post-728","page","type-page","status-publish","hentry","entry"],"_links":{"self":[{"href":"https:\/\/jjm.gcjm.de\/index.php?rest_route=\/wp\/v2\/pages\/728","targetHints":{"allow":["GET"]}}],"collection":[{"href":"https:\/\/jjm.gcjm.de\/index.php?rest_route=\/wp\/v2\/pages"}],"about":[{"href":"https:\/\/jjm.gcjm.de\/index.php?rest_route=\/wp\/v2\/types\/page"}],"author":[{"embeddable":true,"href":"https:\/\/jjm.gcjm.de\/index.php?rest_route=\/wp\/v2\/users\/1"}],"replies":[{"embeddable":true,"href":"https:\/\/jjm.gcjm.de\/index.php?rest_route=%2Fwp%2Fv2%2Fcomments&post=728"}],"version-history":[{"count":7,"href":"https:\/\/jjm.gcjm.de\/index.php?rest_route=\/wp\/v2\/pages\/728\/revisions"}],"predecessor-version":[{"id":1939,"href":"https:\/\/jjm.gcjm.de\/index.php?rest_route=\/wp\/v2\/pages\/728\/revisions\/1939"}],"wp:attachment":[{"href":"https:\/\/jjm.gcjm.de\/index.php?rest_route=%2Fwp%2Fv2%2Fmedia&parent=728"}],"curies":[{"name":"wp","href":"https:\/\/api.w.org\/{rel}","templated":true}]}}