{"id":1885,"date":"2025-03-29T12:40:06","date_gmt":"2025-03-29T10:40:06","guid":{"rendered":"https:\/\/jjm.gcjm.de\/?page_id=1885"},"modified":"2025-03-30T19:04:09","modified_gmt":"2025-03-30T17:04:09","slug":"schlesisches","status":"publish","type":"page","link":"https:\/\/jjm.gcjm.de\/?page_id=1885","title":{"rendered":"Schlesisches"},"content":{"rendered":"<p><a href=\"https:\/\/jjm.gcjm.de\/wp-content\/uploads\/2025\/03\/DasSchlesische.pdf\" target=\"_blank\" rel=\"noreferrer noopener nofollow\">Das Schlesische<\/a> (von Carl Zuckmayer)<br \/><a href=\"https:\/\/jjm.gcjm.de\/wp-content\/uploads\/2025\/03\/1945_0200_FluchtAusSchlesien.pdf\" target=\"_blank\" rel=\"noreferrer noopener nofollow\">Flucht aus Schlesien<\/a> (Auszug aus einem Brief meiner Mutter)<br \/><a href=\"https:\/\/jjm.gcjm.de\/wp-content\/uploads\/2025\/03\/RuebezahlsBrief.pdf\" target=\"_blank\" rel=\"noreferrer noopener nofollow\">R\u00fcbezahls Brief<\/a> (Schlesische Mundart)<\/p>\n<p><a href=\"https:\/\/jjm.gcjm.de\/wp-content\/uploads\/2025\/03\/EinigeSchlesischeGedichte1.pdf\" target=\"_blank\" rel=\"noreferrer noopener nofollow\">Schlesische Mundart-Gedichte 1<\/a> (u.a. Schles&#8217;scher Str\u00e4selkucha)<\/p>\n<div class=\"wp-block-image\">\n<figure class=\"alignleft size-large is-resized\"><a href=\"https:\/\/jjm.gcjm.de\/wp-content\/uploads\/2025\/03\/ZuMuttisGeburtstag.jpg\"><img loading=\"lazy\" decoding=\"async\" width=\"966\" height=\"1024\" src=\"https:\/\/jjm.gcjm.de\/wp-content\/uploads\/2025\/03\/ZuMuttisGeburtstag-966x1024.jpg\" alt=\"\" class=\"wp-image-1897\" style=\"width:276px;height:auto\" srcset=\"https:\/\/jjm.gcjm.de\/wp-content\/uploads\/2025\/03\/ZuMuttisGeburtstag-966x1024.jpg 966w, https:\/\/jjm.gcjm.de\/wp-content\/uploads\/2025\/03\/ZuMuttisGeburtstag-283x300.jpg 283w, https:\/\/jjm.gcjm.de\/wp-content\/uploads\/2025\/03\/ZuMuttisGeburtstag-768x814.jpg 768w, https:\/\/jjm.gcjm.de\/wp-content\/uploads\/2025\/03\/ZuMuttisGeburtstag.jpg 1207w\" sizes=\"auto, (max-width: 966px) 100vw, 966px\" \/><\/a><\/figure>\n<\/div>\n<p><\/p>\n<p>F\u00fcr Muttis Geburtstag \u00fcbte &#8222;Schneuza&#8220; (Lenchen) mit uns Kindern oft schlesische Mundart &#8211; Gedichte ein&#8230;<br \/>Der Renner war &#8222;Schles&#8217;scher Str\u00e4selkucha&#8220;<\/p>\n<p>.<br \/>.<\/p>\n<\/p>\n<p><\/p>\n<p><a href=\"https:\/\/jjm.gcjm.de\/wp-content\/uploads\/2025\/03\/EinigeSchlesischeGedichte2-1.pdf\" target=\"_blank\" rel=\"noreferrer noopener nofollow\">Schlesische Mundart-Gedichte 2<\/a> (u.a. Das Klie\u00dfla &#8211; Lied)<\/p>\n<div class=\"wp-block-image\">\n<figure class=\"alignleft size-large is-resized\"><a href=\"https:\/\/jjm.gcjm.de\/wp-content\/uploads\/2025\/03\/2025_0325_MartinaKloesselGretel.jpg\"><img loading=\"lazy\" decoding=\"async\" width=\"1024\" height=\"681\" src=\"https:\/\/jjm.gcjm.de\/wp-content\/uploads\/2025\/03\/2025_0325_MartinaKloesselGretel-1024x681.jpg\" alt=\"\" class=\"wp-image-1891\" style=\"width:265px;height:auto\" srcset=\"https:\/\/jjm.gcjm.de\/wp-content\/uploads\/2025\/03\/2025_0325_MartinaKloesselGretel-1024x681.jpg 1024w, https:\/\/jjm.gcjm.de\/wp-content\/uploads\/2025\/03\/2025_0325_MartinaKloesselGretel-300x200.jpg 300w, https:\/\/jjm.gcjm.de\/wp-content\/uploads\/2025\/03\/2025_0325_MartinaKloesselGretel-768x511.jpg 768w, https:\/\/jjm.gcjm.de\/wp-content\/uploads\/2025\/03\/2025_0325_MartinaKloesselGretel.jpg 1067w\" sizes=\"auto, (max-width: 1024px) 100vw, 1024px\" \/><\/a><\/figure>\n<\/div>\n<p>Martina als Gretla verkleidet hat mir zu meinem 80. Geburtstag schlesische Kl\u00f6\u00dfe (Klie\u00dfla) gekocht und das &#8222;Klie\u00dfla &#8211; Lied&#8220; aufgesagt.<\/p><\/p>\n","protected":false},"excerpt":{"rendered":"<p>Das Schlesische (von Carl Zuckmayer)Flucht aus Schlesien (Auszug aus einem Brief meiner Mutter)R\u00fcbezahls Brief (Schlesische Mundart) Schlesische Mundart-Gedichte 1 (u.a. Schles&#8217;scher Str\u00e4selkucha) F\u00fcr Muttis Geburtstag \u00fcbte &#8222;Schneuza&#8220; (Lenchen) mit uns Kindern oft schlesische Mundart &#8211; Gedichte ein&#8230;Der Renner war &#8222;Schles&#8217;scher Str\u00e4selkucha&#8220; .. Schlesische Mundart-Gedichte 2 (u.a. Das Klie\u00dfla &#8211; Lied) Martina als Gretla verkleidet hat&hellip; <a class=\"more-link\" href=\"https:\/\/jjm.gcjm.de\/?page_id=1885\"><span class=\"screen-reader-text\">Schlesisches<\/span> weiterlesen<\/a><\/p>\n","protected":false},"author":1,"featured_media":0,"parent":0,"menu_order":0,"comment_status":"closed","ping_status":"closed","template":"","meta":{"footnotes":""},"class_list":["post-1885","page","type-page","status-publish","hentry","entry"],"_links":{"self":[{"href":"https:\/\/jjm.gcjm.de\/index.php?rest_route=\/wp\/v2\/pages\/1885","targetHints":{"allow":["GET"]}}],"collection":[{"href":"https:\/\/jjm.gcjm.de\/index.php?rest_route=\/wp\/v2\/pages"}],"about":[{"href":"https:\/\/jjm.gcjm.de\/index.php?rest_route=\/wp\/v2\/types\/page"}],"author":[{"embeddable":true,"href":"https:\/\/jjm.gcjm.de\/index.php?rest_route=\/wp\/v2\/users\/1"}],"replies":[{"embeddable":true,"href":"https:\/\/jjm.gcjm.de\/index.php?rest_route=%2Fwp%2Fv2%2Fcomments&post=1885"}],"version-history":[{"count":10,"href":"https:\/\/jjm.gcjm.de\/index.php?rest_route=\/wp\/v2\/pages\/1885\/revisions"}],"predecessor-version":[{"id":1903,"href":"https:\/\/jjm.gcjm.de\/index.php?rest_route=\/wp\/v2\/pages\/1885\/revisions\/1903"}],"wp:attachment":[{"href":"https:\/\/jjm.gcjm.de\/index.php?rest_route=%2Fwp%2Fv2%2Fmedia&parent=1885"}],"curies":[{"name":"wp","href":"https:\/\/api.w.org\/{rel}","templated":true}]}}